 - 2762*u + 10. Let w be d(-3). Let g(t) = -1. Let h(v) = -v + 2. Let p(a) = -4*g(a) - h(a). Calculate p(w).
18
Let m(q) be the first derivative of 12*q - 3/2*q**2 + 135. Calculate m(7).
-9
Suppose -286*s + 2119 = -169. Let n(r) be the third derivative of 0*r + 1/3*r**4 + 7/6*r**3 + 1/120*r**6 + 0 + 2*r**2 - 3/20*r**5. Give n(s).
7
Let p(g) = 2*g**2 - 3*g - 3. Let y(f) = 4*f**3 - 3*f**2 - 14*f + 5. Let w be y(2). Determine p(w).
24
Let z(d) = 4*d - 4. Let y be 8/20 - 78/(-5). Suppose 4*x - y = -3*q, 4*q - 6*x - 11 = -x. Give z(q).
12
Let m(s) be the third derivative of -s**4/6 - 5*s**3/6 - s**2. Let z(b) = -b**3 + 38*b**2 - 349*b - 140. Let r be z(17). What is m(r)?
11
Let z(g) be the first derivative of -2*g**2 + 29*g - 1072. Calculate z(9).
-7
Let n = 9 + -11. Let u(r) = -22*r + 23. Let v(q) = -63*q + 65. Let b(a) = -17*u(a) + 6*v(a). Give b(n).
7
Let p(d) = 402 - d**3 + d**2 + 403 - 804 + 20*d + 8*d**2 - d**2. Calculate p(10).
1
Let s(c) be the third derivative of 0*c + 0 - 3*c**2 - 1/6*c**3 + 1/24*c**4. Let d be 1/(6 + -2 - (-252)/(-60)). Give s(d).
-6
Let y = -35027 - -35070. Let u(j) = -j + 46. Determine u(y).
3
Let w(z) = -7*z + 1. Let n be (-72)/15*1*(-10)/3. Suppose -5*x - 11 = -n*x. Calculate w(x).
-6
Let i(s) be the second derivative of s**5/120 + s**4/4 - 29*s**3/6 - 88*s. Let a(l) be the second derivative of i(l). Give a(-6).
0
Let i(w) = -63*w + 81. Let o(f) = 133*f - 162. Let p(h) = -11*i(h) - 5*o(h). Determine p(3).
3
Let w be 475/150*(11 + -5). Let y(o) = o**3 + o**3 - 4*o**3 + w - o + 3*o**3 - 2*o**3. Let j = -1 - -1. Calculate y(j).
19
Let m(t) = 8*t - 109. Let q(n) = 9*n - 84. Let o(g) = -4*m(g) + 5*q(g). Determine o(7).
107
Let r(b) = 4*b**2 - 3*b**2 - 7*b - 119614 + 119607. Calculate r(-7).
91
Let t(c) = 16*c**2 + 0 + 30*c**2 - 4 + 12*c + 5 - 34*c**2 + c**3. Determine t(-11).
-10
Suppose -3*j + 25 = -4*a, 0*a - 3*a = 4*j. Let n(k) be the second derivative of k**5/20 - k**4/3 + k**3/6 + 2*k**2 - 23*k + 7. What is n(j)?
-2
Let x(m) = 23*m + 0 + 30*m + 30*m - 79*m + 64. Give x(-16).
0
Let i(m) be the first derivative of -m**4/4 - 2*m**3/3 + 7*m**2 + 14*m - 7162. Give i(-5).
19
Let n = -337 + 302. Let q be (n/5 + 8)*9. Let i(a) = -a + 14. Determine i(q).
5
Let r = -316 + 206. Let g = r + 115. Let w(b) = -2*b**2 + 11*b - 3. What is w(g)?
2
Let g(v) = 4 - 139*v + 145*v - 3. Let h = -38 + 37. Calculate g(h).
-5
Let v(u) = -u**3 - 7*u**2 - 6*u - 1. Suppose 0 = -96*y + 101*y + 20. Let w be (3 + y)/1 - (3 + 0). Let d be (-5)/(2 + ((-15)/3 - w)). Determine v(d).
-21
Let b(g) = -g**3 + 7*g**2 - 7*g - 4. Let p(o) = -115*o + 116. Let m be p(5). Let l = -453 - m. What is b(l)?
-10
Let k(z) = 2*z**2 + 2*z - 10. Let j(v) = 44*v + 753. Let h be j(-17). Calculate k(h).
50
Suppose -3*z - l + 0*l = 0, 5*z + 5*l = 0. Let p(v) = -v + 69. Let o(m) = -2*m + 59. Let y(i) = o(i) - p(i). Determine y(z).
-10
Let v(l) = -3*l**2 - 6*l**2 + 3*l - 6 + 8*l**2. Let q be (7/28 + 6/(-8))*-14. Suppose -j = q*s - 2*s + 11, 0 = -j - 3*s - 5. Calculate v(j).
-10
Let t(j) = 38 - 522*j + 182*j + 166*j - 4 + 191*j. Determine t(-6).
-68
Suppose 0 = d - 2*h - 3, 3*h + 51 = -5*d + 14. Let t(s) = 3*s**2 - 11*s - 9. Let w(m) = 5*m**2 - 17*m - 14. Let f(z) = -8*t(z) + 5*w(z). What is f(d)?
12
Let w(n) be the third derivative of n**5/60 - 5*n**4/6 + 4*n**3 + 4737*n**2. What is w(11)?
-75
Let i(y) = -7*y**2 - 26*y + 20. Let f(s) = 17*s**2 + 65*s - 50. Let k(b) = 5*f(b) + 12*i(b). Give k(-14).
4
Let b(g) = -g**3 - 9*g**2 - 10*g - 4. Suppose 5*s + k + k = 925, 0 = s - 5*k - 185. Let z = 177 - s. Determine b(z).
12
Let n(h) = -h**2 + 9*h - 2. Suppose 5*x + 2*f = 6*x + 3, -5*x + 41 = 4*f. Suppose 0 = 4*g - 25 + 9. Let q be g - (15/x - 7). What is n(q)?
6
Let g(n) = 7*n**3 + 8*n**2 - n + 11. Let h(y) = -5*y**3 - 8*y**2 + 2*y - 10. Let i(a) = 3*g(a) + 4*h(a). Determine i(7).
-21
Let k(z) = -2*z**2 - 7*z. Let t(s) = 4*s**2 - 5*s - 3. Let p be t(3). Suppose -45*v - p = -42*v. Determine k(v).
-30
Let t(z) = 5*z - 9. Let w be t(2). Let h(q) = q + 1. Let o(y) = 3*y + 3. Let a be 114/10 + (-24)/60. Let b(c) = a*h(c) - 4*o(c). What is b(w)?
-2
Suppose -4*o + 2 = 5*x, -1035*o = -3*x - 1036*o - 3. Let k(p) = -6*p**3 + 6*p**2 + 6*p - 2. What is k(x)?
58
Let d(n) = -n - 3. Let q(j) = -95*j**2 + 189*j**2 + j**3 - 98*j**2 - 2 + 2*j. Let w be q(4). Determine d(w).
-9
Let g(u) = u**2 + 2*u + 9. Let r(d) = -3*d**2 - 8*d - 25. Let p(a) = -7*g(a) - 2*r(a). Give p(7).
-48
Let b(s) = -s**2 - 8*s + 44. Let v be (-7790)/760 + (-6)/8. Calculate b(v).
11
Suppose 0 = 2*f + 8 + 4. Let m(l) = l**2 + 0 - 5 - 166*l + 7 + 173*l. Determine m(f).
-4
Let u(t) = 7*t**2 + 20*t - 120. Let o(y) = y**2 + 3*y - 20. Let n(z) = -6*o(z) + u(z). Let a(c) = 4*c**3 - c. Let f be a(-1). Calculate n(f).
3
Let n(b) be the first derivative of b**4/4 + 3*b**3 - 15*b**2/2 - 8*b + 1351. Calculate n(-10).
42
Suppose -4*s = -5*v + 7, -14*s = -13*s - 5*v + 13. Let l(z) = -5*z + 5. Determine l(s).
-5
Let q(x) = -4*x + 3. Let y be (-1)/3 + 2/6. Let v be 4 + (0 + y)/(-3). Let t(b) = -b + 6. Let n be t(v). What is q(n)?
-5
Suppose 4*i - 6*x + x = -10, i + 3*x + 11 = 0. Let j(b) be the second derivative of 5*b**3/6 - 3*b + 1200. Calculate j(i).
-25
Let f(x) be the third derivative of -3*x**5/20 - 5*x**4/24 + 3*x**3 - x**2 + 4*x - 64. What is f(2)?
-28
Let w(h) = -2*h**2 + 17*h + 6. Suppose -451 - 741 = -149*j. Give w(j).
14
Let u(v) = 11*v**2 + 2*v + 5. Let i be u(-4). Let d = -162 + i. Let s(h) = h**2 - 10*h - 9. Determine s(d).
2
Let i be (-3)/5*2825/(-339). Let u be 148/6 + 6/(-9). Suppose -9 = -i*x - u. Let n(d) = 3*d + 3. Calculate n(x).
-6
Let l(f) be the third derivative of f**6/120 - f**5/20 - f**4/8 - f**3/2 - 13*f**2. Let h(v) = 21*v - 500. Let c be h(24). Determine l(c).
1
Let c(f) = 9*f + 416. Let q = 8311 - 8356. Calculate c(q).
11
Let n be 1/(-2*(14/(-70) - (-3)/10)). Let u(j) = -16*j - 10. Determine u(n).
70
Let h(y) be the first derivative of 4*y**2 - 20*y + 9. Let n be h(3). Let u(f) = f**2 - 4*f + 1. Calculate u(n).
1
Let c(z) = 28517 - 4*z - 28517. Calculate c(2).
-8
Let q(t) be the second derivative of 51 - 3/2*t**2 + 1/12*t**4 + 5/3*t**3 - 2*t. What is q(-10)?
-3
Let f(c) = 24*c**2 - 2 - 6*c + 8 - 14*c**2 - 8*c**2. Let v be f(2). Let a(m) = m**2 + v*m - 6*m - 1 + 3*m + 0*m + 2*m**3. Determine a(-2).
-11
Let q(j) = 2*j**2 - 18*j + 41. Let m be q(6). Suppose 10*o - 6*o = -5*c + 12, 15 = 5*o - m*c. Let k(a) = a**3 - 3*a**2 - 4*a. Give k(o).
-12
Suppose -3*b + 23 = 5*s - 0*s, 4*s = 2*b + 36. Let m(w) = w**2 - w - 22. Let u be m(s). Suppose -6*a = -2*a - u. Let z(o) = -o**2 + 3*o - 2. Give z(a).
-12
Let i(q) = q**3 + 7*q**2 - 20*q - 16. Let j be i(-9). Let t(o) = 15 + j*o - 4*o + 17 - 34. Give t(4).
-10
Let h(q) = -q**2 + 8*q + 10. Let c = -525 - -221. Let b = 314 + c. Give h(b).
-10
Let w(d) = -21*d**2 - 3*d + 29. Let v(t) = -37*t**2 - 7*t + 59. Let i(s) = 4*v(s) - 7*w(s). Give i(-13).
-45
Let j(t) = 144 - 122 - 44*t + 105. Determine j(4).
-49
Let u(o) = o**2 + 11*o. Suppose 2*m + 38 = -4*l, -5*m - 836*l = -834*l + 39. Give u(m).
-30
Let m(l) be the first derivative of l**4/4 + l**3/3 + l**2/2 - 14*l + 40. Let w be 0*(-9 - 1)/70. Give m(w).
-14
Let i(d) = 4*d - 16. Let y(b) = -3*b + 18. Let t(r) = 5*i(r) + 4*y(r). Let w(m) = m + 2. Let n(p) = t(p) + 3*w(p). Give n(2).
20
Let z(t) = -9*t**2 - 11*t - 9. Let k(q) = -4*q**2 - 5*q - 4. Let o be (0 + -1)/((-5)/(-35)). Let d(h) = o*k(h) + 3*z(h). Let w = -12447 + 12449. What is d(w)?
9
Let o = 2194 + -2193. Let r(c) = -c**2 - 2*c + 2. Calculate r(o).
-1
Let n(x) = 7*x**2 + x - 1. Suppose -4*i - 192 = -10*i. Suppose 6*p - 20 = -i. Calculate n(p).
25
Suppose n - 2*d - 4 = 0, -4*n + 4*d + 28 - 4 = 0. Let k(b) = -2*b**3 + 16*b**2 + 3*b - 18. Calculate k(n).
6
Let j(p) = -p**2 - p - 1. Let w(n) be the second derivative of n**4/3 + n**3/3 + 2*n**2 + 101*n. Let z be 4/18 + 14/18. Let u(g) = z*w(g) + 3*j(g). Give u(2).
3
Let s be ((-816)/238)/(2/(-7)). Let d(p) = -5*p - s*p + 21*p - 9*p + 3. Let m be (-6)/((-4)/(2 - 0)). Calculate d(m).
-12
Let z = -6 + 7. Let w be 1/(-1*z/6). Let n(d) = 2 + 5 - 2906*d + 5722*d - 2815*d. What is n(w)?
1
Let c(k) = 3*k + 166456 - 499381 + 166463 + 166463. Let r be 2 + 6 + (0 - 0). Give c(r).
25
Let u be (-2)/((-16)/4 - -6). Let d be (8/u)/(6/(-3)).